 7*k**2 - 6*k + 9. Give o(-2).
41
Let q(z) = -2*z**3 - 73*z**2 - 36*z + 5. What is q(-36)?
5
Let v(q) = 11*q - 114. Give v(20).
106
Let a(d) = -d**2 - 28*d + 4. What is a(-5)?
119
Let n(s) = 6*s - 1. Determine n(14).
83
Let h(f) = 18*f + 655. What is h(-36)?
7
Let b(c) = 5161*c + 5190. Determine b(-1).
29
Let u(d) = -3*d**2 + d - 25. Determine u(0).
-25
Let u(x) = -58*x**2 + 6*x + 4. Give u(-1).
-60
Let l(z) = -z**3 + 9*z**2 + 42*z + 267. Calculate l(-7).
757
Let q(i) = 1209*i + 21783. Give q(-18).
21
Let g(s) = -7*s**2 + 26*s - 60. What is g(11)?
-621
Let d(s) = -6*s**2 - 26*s - 3. Give d(5).
-283
Let d(s) = -2*s**2 - 157*s - 71. Give d(-78).
7
Let a(j) = 2*j**3 - 77*j**2 - 42*j - 1. Calculate a(39).
-118
Let v(j) = -2*j**3 - 78*j**2 + 9*j + 330. Calculate v(-39).
-21
Let p(g) = -286*g + 4819. Calculate p(17).
-43
Let h(o) = o**3 - 97*o**2 - 842*o + 137. Calculate h(105).
-73
Let q(x) = 2*x**3 + 20*x**2 + 7*x + 64. Calculate q(-10).
-6
Let r(b) = 2*b**2 + 74*b - 71. Give r(-38).
5
Let s(h) = -116*h + 12525. Give s(108).
-3
Let f(k) = 32*k**3 + 2015*k**2 - 60*k + 183. Give f(-63).
-6
Let d(t) = -t**3 - 81*t**2 + 708*t - 356. What is d(-89)?
0
Let r(w) = 4933*w - 74000. What is r(15)?
-5
Let l(v) = 12*v**3 - 83*v**2 + 52*v + 6. What is l(7)?
419
Let n(o) = o**3 + 19*o**2 + 26*o - 117. Give n(-17).
19
Let l(i) = -i**3 + 10*i**2 - 13*i - 8. What is l(6)?
58
Let z(v) = -105*v + 2161. Determine z(20).
61
Let y(g) = -1502*g + 1500. Give y(1).
-2
Let k(t) = 1392*t - 72380. What is k(52)?
4
Let v(n) = -29*n - 5420. Give v(-187).
3
Let w(r) = r**3 + 549*r**2 + 1090*r - 10. What is w(-2)?
-2
Let u(v) = -27*v**3 - 6235*v**2 + 458*v - 927. Calculate u(-231).
-3
Let t(j) = -2*j**3 - 11*j**2 + 13*j - 12. Give t(-7).
44
Let l(p) = -p**3 + 31*p**2 - 32*p - 223. Determine l(30).
-283
Let r(h) = -3*h**3 + 43*h**2 - h + 9. What is r(13)?
672
Let j(h) = 14*h - 789. Calculate j(56).
-5
Let k(h) = 4*h**2 + 154*h + 17. What is k(-38)?
-59
Let h(r) = -2*r**2 + 57*r - 36. Calculate h(26).
94
Let q(x) = -6*x**2 + 43*x - 54. What is q(3)?
21
Let t(c) = -c**3 - 16*c**2 - 7*c - 64. What is t(-12)?
-556
Let m(x) = 51*x + 115. What is m(-2)?
13
Let n(u) = -u**3 + 70*u**2 + 285*u + 818. Calculate n(74).
4
Let w(p) = 15*p**2 - 246*p - 31. Give w(17).
122
Let s(j) = -187*j + 1699. What is s(9)?
16
Let d(q) = -2*q**2 - 81*q - 1177. What is d(-18)?
-367
Let c(k) = k**2 - 377*k + 7480. What is c(21)?
4
Let b(v) = 80*v + 1697. Calculate b(-12).
737
Let w(v) = -35*v - 371. Determine w(-6).
-161
Let g(d) = -d**2 - 129*d + 2154. What is g(-144)?
-6
Let p(j) = -100*j**2 + 412*j - 15. Determine p(4).
33
Let a(b) = -7*b**2 - 16*b - 21. Determine a(-2).
-17
Let x(s) = -6*s - 9. Determine x(4).
-33
Let d(v) = 5*v**2 - 9*v - 34. Determine d(7).
148
Let u(b) = -366*b - 24896. Calculate u(-68).
-8
Let u(z) = 2*z**2 + 10*z - 111. Determine u(-9).
-39
Let y(w) = -2*w**3 + 13*w**2 + 39*w - 16. Determine y(8).
104
Let w(o) = o**3 + 19*o**2 - 3*o - 27. What is w(-19)?
30
Let y(r) = -247*r - 1724. Calculate y(-7).
5
Let c(t) = -1803*t - 12. Give c(0).
-12
Let p(c) = -c**3 + 17*c**2 - 62*c + 26. Calculate p(12).
2
Let k(l) = l**2 + 10*l + 5. What is k(2)?
29
Let c(j) = -j**3 + 28*j**2 - 6*j - 5. Determine c(28).
-173
Let z(b) = -3*b + 263. Determine z(87).
2
Let k(w) = w**3 + 37*w**2 + 91*w + 791. What is k(-35)?
56
Let p(h) = -2*h**2 + 4*h + 9. Calculate p(-4).
-39
Let t(c) = c**2 + 53*c + 191. Give t(-4).
-5
Let q(l) = -4*l**3 - 137*l**2 - 28*l + 184. Determine q(-34).
-20
Let q(r) = 2*r**3 - 277*r**2 - 130*r - 1239. What is q(139)?
12
Let v(a) = 18*a**2 - 1528*a - 123. What is v(85)?
47
Let i(m) = -m**3 + 60*m**2 - 113*m - 140. Determine i(58).
34
Let m(r) = -86*r + 2969. Give m(31).
303
Let j(p) = -5*p**2 + 220*p + 90. What is j(44)?
90
Let d(w) = w**3 + 66*w**2 - 113*w + 1558. Give d(-68).
-6
Let n(t) = -t**2 - 52*t - 645. Give n(-22).
15
Let u(w) = -12*w**2 - 39*w + 26. What is u(-4)?
-10
Let g(v) = -2*v**3 - 57*v**2 - 135*v - 129. What is g(-26)?
1
Let z(x) = x**2 + 17*x - 992. Give z(24).
-8
Let b(f) = -2*f**2 + 34*f + 42. Give b(19).
-34
Let r(i) = -150*i + 303. What is r(-4)?
903
Let m(b) = 7*b**3 - 4*b**2 - 33*b + 2. What is m(5)?
612
Let z(w) = -w**2 - 6*w + 6. What is z(5)?
-49
Let s(r) = 17*r**2 + 26*r + 48. Calculate s(-8).
928
Let h(p) = -p**3 - 13*p**2 + 10*p + 100. What is h(-13)?
-30
Let d(j) = 59*j - 603. What is d(12)?
105
Let b(x) = -3*x - 77. What is b(0)?
-77
Let s(h) = 9*h**2 + 64*h + 336. Give s(-5).
241
Let d(g) = -g**3 - 44*g**2 + 43*g - 160. What is d(-45)?
-70
Let d(q) = 6*q**2 - 71*q + 85. Give d(11).
30
Let k(a) = 3*a**2 - 20*a - 772. Determine k(-13).
-5
Let r(p) = 2*p**2 + 28*p - 89. Determine r(3).
13
Let z(s) = -114*s**2 + 10*s - 22. Calculate z(2).
-458
Let c(h) = -h**3 + 16*h**2 - 53*h + 3. What is c(9)?
93
Let u(i) = 2*i**2 + 26*i - 24. Calculate u(-14).
4
Let w(g) = -2*g**3 - 393*g**2 - 961*g + 1751. Calculate w(-194).
5
Let m(q) = -29*q**2 + 81*q + 7. Calculate m(3).
-11
Let s(v) = 34*v - 396. Give s(22).
352
Let y(k) = 11*k**2 - 80*k + 78. Calculate y(6).
-6
Let y(v) = -v**2 - 88*v - 252. Give y(-3).
3
Let r(g) = 6*g - 37. Calculate r(8).
11
Let d(p) = 2212*p - 11060. Determine d(5).
0
Let h(a) = -62*a + 423. Determine h(7).
-11
Let a(b) = -7*b**2 + 10*b - 13. What is a(2)?
-21
Let n(v) = -11*v + 917. Determine n(82).
15
Let u(q) = 18008*q + 198082. Determine u(-11).
-6
Let y(k) = k**2 + 46*k + 514. Calculate y(-17).
21
Let p(h) = -h**3 + 88*h**2 + 268*h + 309. Give p(91).
-146
Let p(i) = -17*i - 569. Determine p(-31).
-42
Let n(t) = -23*t - 61. What is n(-15)?
284
Let t(u) = 22*u - 678. What is t(51)?
444
Let a(h) = h**2 - 52*h + 516. What is a(13)?
9
Let x(w) = -2053*w + 2054. Determine x(1).
1
Let v(u) = u**2 - 77*u - 32. Calculate v(0).
-32
Let q(x) = x**3 - 129*x**2 - 109*x - 2730. Determine q(130).
0
Let d(n) = n**3 - 7*n**2 - 11*n + 9. Calculate d(8).
-15
Let b(f) = f**2 + 69*f - 446. What is b(-72)?
-230
Let n(a) = 1946*a - 5834. What is n(3)?
4
Let j(v) = v**3 + 46*v**2 + 59*v + 238. Give j(-45).
-392
Let f(j) = 5*j**3 + 114*j**2 + 8*j + 705. What is f(-23)?
-8
Let i(k) = -k**2 + 172*k - 2633. Calculate i(17).
2
Let y(k) = 4001*k - 48003. What is y(12)?
9
Let z(u) = -6*u - 96. Give z(-10).
-36
Let q(o) = 2*o**3 - 55*o**2 + 80*o - 1435. Give q(27).
-4
Let a(j) = -2*j**3 + 71*j**2 - 43*j + 67. Determine a(35).
-213
Let d(j) = j**3 + 116*j**2 + 224*j - 479. Calculate d(-114).
-23
Let t(b) = -13*b - 348. What is t(-29)?
29
Let x(v) = -v**3 - 15*v**2 + 102*v - 6. Calculate x(-20).
-46
Let b(d) = -597*d - 1802. What is b(-3)?
-11
Let m(y) = -4*y**3 + 26*y**2 + 17*y - 27. What is m(7)?
-6
Let a(i) = i**3 + 10*i**2 - 70*i - 167. Determine a(-14).
29
Let h(t) = -94*t - 108. Determine h(-1).
-14
Let t(n) = -5*n - 219. Calculate t(-60).
81
Let y(a) = 18*a**2 - 11*a + 22. Calculate y(1).
29
Let k(n) = n**2 + 49*n + 385. Determine k(-38).
-33
Let h(o) = -o**3 - 29*o**2 + 46*o + 544. What is h(-30)?
64
Let v(p) = -45*p**2 - 296*p - 1. Determine v(-7).
-134
Let d(v) = v**2 + 618*v - 39939. What is d(59)?
4
Let v(u) = u**2 - 17*u + 28. Give v(17).
28
Let c(p) = p**2 - 434*p + 37282. Calculate c(118).
-6
Let a(b) = 7014*b - 56111. Give a(8).
1
Let m(d) = -43*d**2 + 694*d - 80. What is m(16)?
16
Let w(f) = 176*f + 4558. Calculate w(-26).
-18
Let w(d) = -3*d**2 - 10*d + 329. Calculate w(12).
-223
Let d(u) = u**2 - 86*u + 556. Give d(78).
-68
Let t(q) = -q**2 + 203*q - 5385. Determine t(172).
-53
Let u(i) = i**3 - 17*i**2 - 35*i - 41. Determine u(19).
16
Let c(j) = -2*j**3 - 30*j**2 - 26*j + 23. Give c(-14).
-5
Let n(a) = a**3 - 9*a**2 - a + 16. Give n(8).
-56
Let t(y) = -y**3 + 5*y**2 + 13*y + 49. Give t(-7).
546
Let g(o) = -9*o**3 + 80*o**2 - 19*o + 240. What is g(9)?
-12
Let c(o) = -89*o + 78. Calculate c(1).
-11
Let s(j) = -26*j**3 + 494*j**2 - 9. Calculate s(19).
-9
Let i(z) = 2*z**3 + 78*z**2 + 85*z + 9. Calculate i(-38).
-333
Let x(j) = -63*j**2 - 308*j - 9. Calculate x(-5).
-44
Let t(v) = 1253*v - 1243. What is t(1)?
10
Let q(d) = 579*d - 3469. What is q(6)?
5
Let u(x) = 14*x**3 + 7*x**2 + 17*x - 7. Determine u(-3).
-373
Let v(f) = 5*f**2 - 79*f + 346. Give v(8).
34
Let r(z) = z**2 - 141*z - 668. Determine r(-5).
62
Let h(l) = -12*l + 463. Determine h(38)